 -67 - l. What is the greatest common factor of 15 and j?
15
Let m = -5 - -5. Suppose m*d = -d + 234. Let l(z) = -7*z + 61. Let i be l(5). What is the highest common factor of i and d?
26
Suppose 272 = 8*g - 136. Suppose -4*z - 4*o + 139 = g, 4*z + 3*o = 87. What is the highest common divisor of z and 6?
3
Let l(g) = g**2 - 11. Let q be l(4). Suppose 0 = -q*s + 16 + 4. Calculate the highest common factor of s and 32.
4
Let g = 27 + -8. Let z = g - 8. Let a = 51 + -29. Calculate the highest common divisor of z and a.
11
Suppose -3*c + 5*c = 3*a - 4451, 3*a + 4*c = 4463. Calculate the greatest common factor of a and 15.
15
Let u be (-602)/(-21) - (-1)/3. Suppose 4*t + 9 = u. Let j be (t - 2)*(1 - -6). What is the highest common factor of 7 and j?
7
Suppose 14*v = 3345 + 1275. What is the highest common divisor of 60 and v?
30
Let y(x) = -12*x + 4. Suppose -5*i = -3*r + 9, i - 5 = -0*i + 4*r. Let h be y(i). Calculate the highest common factor of 5 and h.
5
Let n be 1*(0 + 1)*-9. Let c be (-3)/(n/(-5) - 2). Suppose -9 = 3*j + 5*b - 23, -2*j - 3*b + 9 = 0. Calculate the highest common divisor of c and j.
3
Let i = 34 + -16. Let h(m) = -m + 22. Let a be h(i). Calculate the highest common factor of a and 32.
4
Let f = 308 + -296. Calculate the greatest common factor of 282 and f.
6
Suppose -19 - 6 = -5*d. Suppose -g - m + 4 = -41, -255 = -d*g + m. Suppose -2*l = -g - 50. What is the greatest common factor of l and 125?
25
Suppose -5*t + 0*t + 293 = 2*g, 5*t + 5*g - 290 = 0. Let a = 69 - t. Let d(q) = q**2 + 4*q - 1. Let x be d(-5). What is the greatest common factor of x and a?
2
Let h be (120/25)/((-2)/(-55)). Let q(w) = 2*w**2 + 8*w - 12. Let o be q(-6). Calculate the greatest common factor of h and o.
12
Suppose -7 = -5*s + 3. Suppose -4*f - p = 23, -2*f - 5 = -p + s. Let o(n) = -n - 1. Let b be o(f). What is the highest common factor of 10 and b?
2
Let q(t) = 10*t**3 + 2*t**2 + 2. Let h be q(2). Let n be 1 + (-3 - (h + -3)). Let b = n - -152. What is the greatest common divisor of b and 7?
7
Let z(x) = x**2 + 6*x + 7. Let n be z(-5). Suppose n*u - u = 6. Let f be (1 + (-224)/(-6))*u. Calculate the greatest common factor of f and 23.
23
Suppose 2*x - s = 6*x - 389, 3*s - 383 = -4*x. Let a = x - 14. Suppose 36 = 5*v - 2*v. What is the greatest common factor of v and a?
12
Let v(c) = -c**3 + 6*c**2. Let l be v(-5). Suppose 8*w + 300 = 20*w. Calculate the highest common factor of l and w.
25
Suppose 41 + 49 = -5*i. Let x = i - -49. What is the greatest common divisor of x and 93?
31
Suppose 0 = 147*c - 156*c + 288. Let x = -3 + 19. Calculate the highest common divisor of x and c.
16
Let n(x) = x**3 + 2*x**2 - 2*x + 3. Let b be n(-3). Suppose 5*k + 5*q - 175 = b, k - 6*q - 23 = -3*q. Calculate the highest common divisor of 160 and k.
32
Suppose 2*i - 5*u = 19, i = -2*i - 3*u - 3. Suppose -2*j + i*t = -5*j + 14, -4 = -3*j - 4*t. Calculate the highest common factor of j and 8.
8
Let u be -1*(2 + -1) + 10. Let b be 3/2*(54 + 0). What is the highest common factor of u and b?
9
Let m be (-8)/(-6)*9/6. Suppose 6 = m*r - 0*c - 5*c, r + 3*c - 14 = 0. Calculate the greatest common factor of 32 and r.
8
Suppose 0 = -3*d + 5*k + 215, 0 = -d - 0*k - k + 61. Let l = -13 - -17. Suppose -l*c - c = -d. Calculate the greatest common factor of c and 65.
13
Suppose 55*j - 36*j = 10868. What is the highest common divisor of j and 44?
44
Let o be 11/(-9) - (-22)/99. Let i = 3 - o. What is the greatest common divisor of i and 12?
4
Let i = -72 - -100. Let n = -24 - -48. Suppose -n = -d + 46. What is the greatest common factor of i and d?
14
Suppose 4*k = -2*q + 58, 2 = q + 4*k - 25. Let o be (0 + 13/2)*8. Let p = o - q. What is the greatest common factor of 3 and p?
3
Suppose 2*n - 522 = -n - a, 0 = 2*n - 5*a - 348. Let p = -90 + n. Let y(h) = 9*h - 49. Let j be y(7). What is the greatest common factor of j and p?
14
Suppose 10371 = 10*g + 3651. Calculate the highest common divisor of 288 and g.
96
Let t = 2199 + -2173. Calculate the greatest common divisor of 39 and t.
13
Let n(w) = -7 + 6 + 2 + 5*w + 3. Let i be n(4). Let a = i - 6. Calculate the highest common factor of a and 45.
9
Let j(q) = 5*q**2 - 2*q - 3. Let i(g) = g**2 - 2*g - 2. Let s be i(2). Let n be j(s). What is the greatest common factor of 14 and n?
7
Let r = 372 + -39. Suppose o + 2*c - 12 = -0*o, -2*c = 4*o - 18. Let b be (111/(-6))/((-1)/o). What is the greatest common divisor of b and r?
37
Suppose 5*x - 72 = -127*z + 123*z, -z = 3*x - 39. Suppose q - 250 = -4*q. Let r = q + -32. What is the highest common factor of r and x?
6
Let x(z) = z**3 + 3*z**2 + 5*z + 1. Let f be x(-2). Let b be (3 - (-855)/3) + 3 + f. Calculate the highest common divisor of 26 and b.
26
Suppose 3*s = 4*d + 186, -s = -2*d - 1 - 63. What is the greatest common factor of s and 928?
58
Suppose 32*r - 20*r = 180. Calculate the highest common divisor of r and 27.
3
Let b be (-17*3)/((-18)/12). Let r = -27 + b. Calculate the greatest common factor of 63 and r.
7
Let l = 545 - 535. Calculate the greatest common factor of 320 and l.
10
Let b(v) = 2*v - 10. Let l be b(7). Suppose 3*w + 3*x = 12, 0*x = -3*w + 5*x - l. Let j be (27/6)/(w/4). What is the greatest common factor of 1 and j?
1
Let t be 13/(-39) - 86/(-6). Let g(m) = m**3 - 13*m**2 - 13*m + 2. Let l be g(t). Calculate the greatest common divisor of l and 112.
16
Let y(a) = -a**3 - 4*a**2 + 3*a - 10. Let n be y(-5). Let q(u) = 2*u**2 + 2*u + 14. Let h be q(n). What is the greatest common divisor of 91 and h?
7
Suppose 5*f = -j + 26, 10*f - 34 = -5*j + 9*f. Suppose 3 = -4*b + 4*y + 47, 5*y = -15. Let s = b - j. Calculate the highest common divisor of 1 and s.
1
Suppose -3*f + 2*b + 58 = 0, 5*b = 4*f + 3*b - 76. What is the greatest common factor of f and 4?
2
Let s(i) = 14*i + 2. Let h be s(2). Let a(r) = -r**3 - 2*r**2 + 5*r + 25. Let u be a(-5). Calculate the highest common factor of h and u.
15
Let u(g) = -g - 4. Suppose 4*k = -0*k - 16. Let w be u(k). Suppose w = b - 3*b + 8. Calculate the greatest common divisor of b and 8.
4
Suppose -3*s - 2 = -8. Suppose 101 = d + 5*t - 17, 0 = -s*d - 2*t + 268. Suppose 38 - d = -5*u. What is the greatest common factor of u and 50?
10
Let n(c) = -c**3 + 23*c**2 + 9*c - 55. Let r be n(15). What is the highest common factor of r and 40?
40
Suppose -157 = -12*c + 95. Let m = 42 - c. Calculate the greatest common factor of m and 1.
1
Let f(n) = -3*n + 6. Let t be f(-6). Suppose -u = 5*q - 956, 12*q = 8*q - 3*u + 756. What is the highest common divisor of q and t?
24
Suppose -2*y - 132 = -2*w - 7*y, 236 = 4*w - 4*y. Calculate the greatest common factor of w and 427.
61
Suppose 5*b = 311 + 229. Let f be (12/(-5))/(-2*(-2)/40). Let g be (-4 - 21/(-6))*f. Calculate the greatest common divisor of g and b.
12
Let x = -22 - -46. Let m = -246 + 262. Calculate the highest common divisor of m and x.
8
Suppose -58 + 6 = 2*u. Let j = u + 74. Let a(c) = 7*c**2 + c. Let l be a(-1). What is the highest common divisor of j and l?
6
Let u(t) = 43*t**3 - t + 1. Let g be u(1). Let v = 73 - g. Suppose -13*b + 2970 = -4*b. What is the highest common divisor of v and b?
30
Let u(m) = -31*m + 1. Let k be u(-1). Let r(s) = s**3 + 7*s**2 - 6*s + 4. Let v be r(-8). Let a be (-9)/(54/4)*v. What is the highest common divisor of a and k?
8
Suppose -3*m - 2*s = -647, -50*s - 645 = -3*m - 53*s. Calculate the greatest common factor of m and 21.
7
Let y = 5 + -5. Suppose 5*s - 21 - 259 = y. Suppose 22*f - 20*f - s = 0. What is the highest common divisor of 7 and f?
7
Suppose 796 = 9*f + 31. Suppose -15 + f = 5*u. What is the highest common factor of 70 and u?
14
Let p(n) = 492*n + 295. Let r be p(3). What is the highest common divisor of r and 77?
77
Suppose -3*h + 529 = 2*o + 43, -5*o = 0. What is the greatest common factor of 18 and h?
18
Let i be 9 - ((-4 - -8) + -3). Suppose -g + 35 = 3. What is the greatest common divisor of g and i?
8
Suppose 24 = 5*c + 2*q, 2*c + 3*q - 18 = 5*q. Let n(d) = 6*d**2 - d - 20. Let s be n(c). What is the greatest common factor of 76 and s?
38
Let a = -271 + 416. Let q = -133 + a. What is the greatest common divisor of q and 60?
12
Suppose 5*h + 2*y = -373, 0 = -2*h + 5*y - 0*y - 126. Let k = h - -89. Calculate the highest common divis